{"id":371,"date":"2024-08-22T10:54:03","date_gmt":"2024-08-22T08:54:03","guid":{"rendered":"https:\/\/evja.pl\/?page_id=371"},"modified":"2025-03-13T14:38:32","modified_gmt":"2025-03-13T13:38:32","slug":"tychy","status":"publish","type":"page","link":"https:\/\/evja.pl\/index.php\/tychy\/","title":{"rendered":"Tychy"},"content":{"rendered":"\t\t<div data-elementor-type=\"wp-page\" data-elementor-id=\"371\" class=\"elementor elementor-371\">\n\t\t\t\t\t\t<section class=\"elementor-section elementor-top-section elementor-element elementor-element-af0f528 elementor-section-boxed elementor-section-height-default elementor-section-height-default\" data-id=\"af0f528\" data-element_type=\"section\">\n\t\t\t\t\t\t<div class=\"elementor-container elementor-column-gap-default\">\n\t\t\t\t\t<div class=\"elementor-column elementor-col-100 elementor-top-column elementor-element elementor-element-b44fbb3\" data-id=\"b44fbb3\" data-element_type=\"column\">\n\t\t\t<div class=\"elementor-widget-wrap elementor-element-populated\">\n\t\t\t\t\t\t<div class=\"elementor-element elementor-element-171357d elementor-widget elementor-widget-text-editor\" data-id=\"171357d\" data-element_type=\"widget\" data-widget_type=\"text-editor.default\">\n\t\t\t\t<div class=\"elementor-widget-container\">\n\t\t\t<style>\/*! elementor - v3.23.0 - 05-08-2024 *\/\n.elementor-widget-text-editor.elementor-drop-cap-view-stacked .elementor-drop-cap{background-color:#69727d;color:#fff}.elementor-widget-text-editor.elementor-drop-cap-view-framed .elementor-drop-cap{color:#69727d;border:3px solid;background-color:transparent}.elementor-widget-text-editor:not(.elementor-drop-cap-view-default) .elementor-drop-cap{margin-top:8px}.elementor-widget-text-editor:not(.elementor-drop-cap-view-default) .elementor-drop-cap-letter{width:1em;height:1em}.elementor-widget-text-editor .elementor-drop-cap{float:left;text-align:center;line-height:1;font-size:50px}.elementor-widget-text-editor .elementor-drop-cap-letter{display:inline-block}<\/style>\t\t\t\t<h1>Drukarnia B1 &#8211; Tychy<\/h1><p>Jeste\u015bmy drukarni\u0105 niedaleko Tych, kt\u00f3ra zapewnia kompleksowe us\u0142ugi w zakresie druku do maksymalnego formatu B1. Dzi\u0119ki zastosowaniu najnowszych technologii i zaawansowanych maszyn, takich jak CD 102 5L gwarantujemy doskona\u0142e odwzorowanie kolor\u00f3w, ostro\u015b\u0107 detali i trwa\u0142o\u015b\u0107 realizowanych materia\u0142\u00f3w. Jeste\u015bmy tak\u017ce introligatorni\u0105, kt\u00f3ra klientom z Tych i okolic zapewnia us\u0142ugi oprawy i wyko\u0144czenia drukowanych materia\u0142\u00f3w. W wybranych sytuacjach mo\u017cemy zaproponowa\u0107 negocjacj\u0119 cen druku oraz darmow\u0105 dostaw\u0119.<\/p>\t\t\t\t\t\t<\/div>\n\t\t\t\t<\/div>\n\t\t\t\t\t<\/div>\n\t\t<\/div>\n\t\t\t\t\t<\/div>\n\t\t<\/section>\n\t\t\t\t<section class=\"elementor-section elementor-top-section elementor-element elementor-element-1c3b293 elementor-section-content-middle elementor-section-boxed elementor-section-height-default elementor-section-height-default\" data-id=\"1c3b293\" data-element_type=\"section\">\n\t\t\t\t\t\t<div class=\"elementor-container elementor-column-gap-no\">\n\t\t\t\t\t<div class=\"elementor-column elementor-col-50 elementor-top-column elementor-element elementor-element-74efd43\" data-id=\"74efd43\" data-element_type=\"column\">\n\t\t\t<div class=\"elementor-widget-wrap elementor-element-populated\">\n\t\t\t\t\t\t<div class=\"elementor-element elementor-element-8eeac50 elementor-widget elementor-widget-text-editor\" data-id=\"8eeac50\" data-element_type=\"widget\" data-widget_type=\"text-editor.default\">\n\t\t\t\t<div class=\"elementor-widget-container\">\n\t\t\t\t\t\t\t<h2>Druk kalendarzy tr\u00f3jdzielnych<\/h2><p>Drukarnie w okolicach Tych mog\u0105 pochwali\u0107 si\u0119 r\u00f3\u017cnymi ofertami. Obok druku wielowymiarowego na plakaty i banery, proponujemy tak\u017ce produkty o mniejszych rozmiarach: kalendarze. Oferujemy profesjonalny druk kalendarzy tr\u00f3jdzielnych dla firm i agencji marketingowych. Finalny produkt spe\u0142ni najwy\u017csze standardy jako\u015bci. W naszych kalendarzach tr\u00f3jdzielnych druk jest spersonalizowany i dostosowany do potrzeb klienta. Takie produkty stanowi\u0105 idealne rozwi\u0105zanie dla firm poszukuj\u0105cych praktycznych narz\u0119dzi do planowania i organizacji pracy. Jednocze\u015bnie druk kalendarzy tr\u00f3jdzielnych \u2013 w Tychach oferowany klientom biznesowym \u2013 b\u0119dzie budowa\u0142 \u015bwiadomo\u015b\u0107 marki, gwarantuj\u0105c d\u0142ugotrwa\u0142e i wygodne u\u017cytkowanie.<\/p>\t\t\t\t\t\t<\/div>\n\t\t\t\t<\/div>\n\t\t\t\t\t<\/div>\n\t\t<\/div>\n\t\t\t\t<div class=\"elementor-column elementor-col-50 elementor-top-column elementor-element elementor-element-4610612\" data-id=\"4610612\" data-element_type=\"column\">\n\t\t\t<div class=\"elementor-widget-wrap elementor-element-populated\">\n\t\t\t\t\t\t<div class=\"elementor-element elementor-element-0f825f9 elementor-widget elementor-widget-image\" data-id=\"0f825f9\" data-element_type=\"widget\" data-widget_type=\"image.default\">\n\t\t\t\t<div class=\"elementor-widget-container\">\n\t\t\t<style>\/*! elementor - v3.23.0 - 05-08-2024 *\/\n.elementor-widget-image{text-align:center}.elementor-widget-image a{display:inline-block}.elementor-widget-image a img[src$=\".svg\"]{width:48px}.elementor-widget-image img{vertical-align:middle;display:inline-block}<\/style>\t\t\t\t\t\t\t\t\t\t<img fetchpriority=\"high\" decoding=\"async\" width=\"1024\" height=\"683\" src=\"https:\/\/evja.pl\/wp-content\/uploads\/2024\/02\/printing-offset-graph-paper-98f0711f04c0692a00ad462541a208f3-1024x683.jpg\" class=\"attachment-large size-large wp-image-237\" alt=\"plakaty o\u015bwi\u0119cim\" srcset=\"https:\/\/evja.pl\/wp-content\/uploads\/2024\/02\/printing-offset-graph-paper-98f0711f04c0692a00ad462541a208f3-1024x683.jpg 1024w, https:\/\/evja.pl\/wp-content\/uploads\/2024\/02\/printing-offset-graph-paper-98f0711f04c0692a00ad462541a208f3-300x200.jpg 300w, https:\/\/evja.pl\/wp-content\/uploads\/2024\/02\/printing-offset-graph-paper-98f0711f04c0692a00ad462541a208f3-768x512.jpg 768w, https:\/\/evja.pl\/wp-content\/uploads\/2024\/02\/printing-offset-graph-paper-98f0711f04c0692a00ad462541a208f3-1536x1024.jpg 1536w, https:\/\/evja.pl\/wp-content\/uploads\/2024\/02\/printing-offset-graph-paper-98f0711f04c0692a00ad462541a208f3-2048x1366.jpg 2048w\" sizes=\"(max-width: 1024px) 100vw, 1024px\" \/>\t\t\t\t\t\t\t\t\t\t\t\t\t<\/div>\n\t\t\t\t<\/div>\n\t\t\t\t\t<\/div>\n\t\t<\/div>\n\t\t\t\t\t<\/div>\n\t\t<\/section>\n\t\t\t\t<section class=\"elementor-section elementor-top-section elementor-element elementor-element-4e950ac elementor-section-content-top elementor-section-boxed elementor-section-height-default elementor-section-height-default\" data-id=\"4e950ac\" data-element_type=\"section\">\n\t\t\t\t\t\t<div class=\"elementor-container elementor-column-gap-narrow\">\n\t\t\t\t\t<div class=\"elementor-column elementor-col-100 elementor-top-column elementor-element elementor-element-6ae46d1\" data-id=\"6ae46d1\" data-element_type=\"column\">\n\t\t\t<div class=\"elementor-widget-wrap elementor-element-populated\">\n\t\t\t\t\t\t<div class=\"elementor-element elementor-element-6ebb309 elementor-widget elementor-widget-text-editor\" data-id=\"6ebb309\" data-element_type=\"widget\" data-widget_type=\"text-editor.default\">\n\t\t\t\t<div class=\"elementor-widget-container\">\n\t\t\t\t\t\t\t<h2>Introligatornia dla klient\u00f3w z Tych<\/h2><p>Mo\u017cna nam powierzy\u0107 nie tylko terminowy wydruk kalendarza. W Tychach i okolicy drukarnia Evja oferuje tak\u017ce wyko\u0144czenia oraz oprawy materia\u0142\u00f3w. W introligatorni zapewniamy ich sk\u0142adanie, ci\u0119cie, zszywanie, klejenie, perforowanie czy laminowanie, aby finalnie sta\u0142y si\u0119 trwa\u0142e i funkcjonalne. W naszej drukarni B1 i introligatorni dbamy, aby ka\u017cdy etap produkcji \u2013 od druku po ostateczn\u0105 opraw\u0119 \u2013 odbywa\u0142 si\u0119 zgodnie z najwy\u017cszymi standardami jako\u015bci. Zapraszamy!<\/p>\t\t\t\t\t\t<\/div>\n\t\t\t\t<\/div>\n\t\t\t\t\t<\/div>\n\t\t<\/div>\n\t\t\t\t\t<\/div>\n\t\t<\/section>\n\t\t\t\t<\/div>\n\t\t","protected":false},"excerpt":{"rendered":"<p>Drukarnia B1 &#8211; Tychy Jeste\u015bmy drukarni\u0105 niedaleko Tych, kt\u00f3ra zapewnia kompleksowe us\u0142ugi w zakresie druku do maksymalnego formatu B1. Dzi\u0119ki [&hellip;]<\/p>\n","protected":false},"author":4,"featured_media":0,"parent":0,"menu_order":0,"comment_status":"closed","ping_status":"closed","template":"elementor_header_footer","meta":{"site-sidebar-layout":"no-sidebar","site-content-layout":"","ast-site-content-layout":"full-width-container","site-content-style":"default","site-sidebar-style":"default","ast-global-header-display":"","ast-banner-title-visibility":"","ast-main-header-display":"","ast-hfb-above-header-display":"","ast-hfb-below-header-display":"","ast-hfb-mobile-header-display":"","site-post-title":"Drukarnia offset Cieszyn | evja.pl","ast-breadcrumbs-content":"","ast-featured-img":"disabled","footer-sml-layout":"","theme-transparent-header-meta":"","adv-header-id-meta":"","stick-header-meta":"","header-above-stick-meta":"","header-main-stick-meta":"","header-below-stick-meta":"","astra-migrate-meta-layouts":"default","ast-page-background-enabled":"default","ast-page-background-meta":{"desktop":{"background-color":"var(--ast-global-color-4)","background-image":"","background-repeat":"repeat","background-position":"center center","background-size":"auto","background-attachment":"scroll","background-type":"","background-media":"","overlay-type":"","overlay-color":"","overlay-opacity":"","overlay-gradient":""},"tablet":{"background-color":"","background-image":"","background-repeat":"repeat","background-position":"center center","background-size":"auto","background-attachment":"scroll","background-type":"","background-media":"","overlay-type":"","overlay-color":"","overlay-opacity":"","overlay-gradient":""},"mobile":{"background-color":"","background-image":"","background-repeat":"repeat","background-position":"center center","background-size":"auto","background-attachment":"scroll","background-type":"","background-media":"","overlay-type":"","overlay-color":"","overlay-opacity":"","overlay-gradient":""}},"ast-content-background-meta":{"desktop":{"background-color":"var(--ast-global-color-5)","background-image":"","background-repeat":"repeat","background-position":"center center","background-size":"auto","background-attachment":"scroll","background-type":"","background-media":"","overlay-type":"","overlay-color":"","overlay-opacity":"","overlay-gradient":""},"tablet":{"background-color":"var(--ast-global-color-5)","background-image":"","background-repeat":"repeat","background-position":"center center","background-size":"auto","background-attachment":"scroll","background-type":"","background-media":"","overlay-type":"","overlay-color":"","overlay-opacity":"","overlay-gradient":""},"mobile":{"background-color":"var(--ast-global-color-5)","background-image":"","background-repeat":"repeat","background-position":"center center","background-size":"auto","background-attachment":"scroll","background-type":"","background-media":"","overlay-type":"","overlay-color":"","overlay-opacity":"","overlay-gradient":""}},"footnotes":""},"class_list":["post-371","page","type-page","status-publish","hentry"],"yoast_head":"<!-- This site is optimized with the Yoast SEO plugin v23.2 - https:\/\/yoast.com\/wordpress\/plugins\/seo\/ -->\n<title>Drukarnia i introligatornia Tychy | evja.pl<\/title>\n<meta name=\"description\" content=\"Szukasz drukarni w okolicy Tych? W Evja realizujemy projekty do formatu B1, oprawiamy ksi\u0105\u017cki, tworzymy kalendarze i plakaty. Zadzwo\u0144!\" \/>\n<meta name=\"robots\" content=\"index, follow, max-snippet:-1, max-image-preview:large, max-video-preview:-1\" \/>\n<link rel=\"canonical\" href=\"https:\/\/evja.pl\/index.php\/tychy\/\" \/>\n<meta property=\"og:locale\" content=\"pl_PL\" \/>\n<meta property=\"og:type\" content=\"article\" \/>\n<meta property=\"og:title\" content=\"Drukarnia i introligatornia Tychy | evja.pl\" \/>\n<meta property=\"og:description\" content=\"Szukasz drukarni w okolicy Tych? W Evja realizujemy projekty do formatu B1, oprawiamy ksi\u0105\u017cki, tworzymy kalendarze i plakaty. Zadzwo\u0144!\" \/>\n<meta property=\"og:url\" content=\"https:\/\/evja.pl\/index.php\/tychy\/\" \/>\n<meta property=\"og:site_name\" content=\"EVJA\" \/>\n<meta property=\"article:modified_time\" content=\"2025-03-13T13:38:32+00:00\" \/>\n<meta property=\"og:image\" content=\"https:\/\/evja.pl\/wp-content\/uploads\/2024\/02\/printing-offset-graph-paper-98f0711f04c0692a00ad462541a208f3-1024x683.jpg\" \/>\n<meta name=\"twitter:card\" content=\"summary_large_image\" \/>\n<meta name=\"twitter:label1\" content=\"Szacowany czas czytania\" \/>\n\t<meta name=\"twitter:data1\" content=\"2 minuty\" \/>\n<script type=\"application\/ld+json\" class=\"yoast-schema-graph\">{\"@context\":\"https:\/\/schema.org\",\"@graph\":[{\"@type\":\"WebPage\",\"@id\":\"https:\/\/evja.pl\/index.php\/tychy\/\",\"url\":\"https:\/\/evja.pl\/index.php\/tychy\/\",\"name\":\"Drukarnia i introligatornia Tychy | evja.pl\",\"isPartOf\":{\"@id\":\"https:\/\/evja.pl\/#website\"},\"primaryImageOfPage\":{\"@id\":\"https:\/\/evja.pl\/index.php\/tychy\/#primaryimage\"},\"image\":{\"@id\":\"https:\/\/evja.pl\/index.php\/tychy\/#primaryimage\"},\"thumbnailUrl\":\"https:\/\/evja.pl\/wp-content\/uploads\/2024\/02\/printing-offset-graph-paper-98f0711f04c0692a00ad462541a208f3-1024x683.jpg\",\"datePublished\":\"2024-08-22T08:54:03+00:00\",\"dateModified\":\"2025-03-13T13:38:32+00:00\",\"description\":\"Szukasz drukarni w okolicy Tych? W Evja realizujemy projekty do formatu B1, oprawiamy ksi\u0105\u017cki, tworzymy kalendarze i plakaty. Zadzwo\u0144!\",\"breadcrumb\":{\"@id\":\"https:\/\/evja.pl\/index.php\/tychy\/#breadcrumb\"},\"inLanguage\":\"pl-PL\",\"potentialAction\":[{\"@type\":\"ReadAction\",\"target\":[\"https:\/\/evja.pl\/index.php\/tychy\/\"]}]},{\"@type\":\"ImageObject\",\"inLanguage\":\"pl-PL\",\"@id\":\"https:\/\/evja.pl\/index.php\/tychy\/#primaryimage\",\"url\":\"https:\/\/evja.pl\/wp-content\/uploads\/2024\/02\/printing-offset-graph-paper-98f0711f04c0692a00ad462541a208f3-scaled.jpg\",\"contentUrl\":\"https:\/\/evja.pl\/wp-content\/uploads\/2024\/02\/printing-offset-graph-paper-98f0711f04c0692a00ad462541a208f3-scaled.jpg\",\"width\":2560,\"height\":1707,\"caption\":\"plakaty o\u015bwi\u0119cim\"},{\"@type\":\"BreadcrumbList\",\"@id\":\"https:\/\/evja.pl\/index.php\/tychy\/#breadcrumb\",\"itemListElement\":[{\"@type\":\"ListItem\",\"position\":1,\"name\":\"Strona g\u0142\u00f3wna\",\"item\":\"https:\/\/evja.pl\/\"},{\"@type\":\"ListItem\",\"position\":2,\"name\":\"Tychy\"}]},{\"@type\":\"WebSite\",\"@id\":\"https:\/\/evja.pl\/#website\",\"url\":\"https:\/\/evja.pl\/\",\"name\":\"EVJA\",\"description\":\"\",\"publisher\":{\"@id\":\"https:\/\/evja.pl\/#organization\"},\"potentialAction\":[{\"@type\":\"SearchAction\",\"target\":{\"@type\":\"EntryPoint\",\"urlTemplate\":\"https:\/\/evja.pl\/?s={search_term_string}\"},\"query-input\":\"required name=search_term_string\"}],\"inLanguage\":\"pl-PL\"},{\"@type\":\"Organization\",\"@id\":\"https:\/\/evja.pl\/#organization\",\"name\":\"EVJA\",\"url\":\"https:\/\/evja.pl\/\",\"logo\":{\"@type\":\"ImageObject\",\"inLanguage\":\"pl-PL\",\"@id\":\"https:\/\/evja.pl\/#\/schema\/logo\/image\/\",\"url\":\"https:\/\/evja.pl\/wp-content\/uploads\/2022\/02\/cropped-cropped-evjalogomail-1.png\",\"contentUrl\":\"https:\/\/evja.pl\/wp-content\/uploads\/2022\/02\/cropped-cropped-evjalogomail-1.png\",\"width\":81,\"height\":85,\"caption\":\"EVJA\"},\"image\":{\"@id\":\"https:\/\/evja.pl\/#\/schema\/logo\/image\/\"}}]}<\/script>\n<!-- \/ Yoast SEO plugin. -->","yoast_head_json":{"title":"Drukarnia i introligatornia Tychy | evja.pl","description":"Szukasz drukarni w okolicy Tych? W Evja realizujemy projekty do formatu B1, oprawiamy ksi\u0105\u017cki, tworzymy kalendarze i plakaty. Zadzwo\u0144!","robots":{"index":"index","follow":"follow","max-snippet":"max-snippet:-1","max-image-preview":"max-image-preview:large","max-video-preview":"max-video-preview:-1"},"canonical":"https:\/\/evja.pl\/index.php\/tychy\/","og_locale":"pl_PL","og_type":"article","og_title":"Drukarnia i introligatornia Tychy | evja.pl","og_description":"Szukasz drukarni w okolicy Tych? W Evja realizujemy projekty do formatu B1, oprawiamy ksi\u0105\u017cki, tworzymy kalendarze i plakaty. Zadzwo\u0144!","og_url":"https:\/\/evja.pl\/index.php\/tychy\/","og_site_name":"EVJA","article_modified_time":"2025-03-13T13:38:32+00:00","og_image":[{"url":"https:\/\/evja.pl\/wp-content\/uploads\/2024\/02\/printing-offset-graph-paper-98f0711f04c0692a00ad462541a208f3-1024x683.jpg"}],"twitter_card":"summary_large_image","twitter_misc":{"Szacowany czas czytania":"2 minuty"},"schema":{"@context":"https:\/\/schema.org","@graph":[{"@type":"WebPage","@id":"https:\/\/evja.pl\/index.php\/tychy\/","url":"https:\/\/evja.pl\/index.php\/tychy\/","name":"Drukarnia i introligatornia Tychy | evja.pl","isPartOf":{"@id":"https:\/\/evja.pl\/#website"},"primaryImageOfPage":{"@id":"https:\/\/evja.pl\/index.php\/tychy\/#primaryimage"},"image":{"@id":"https:\/\/evja.pl\/index.php\/tychy\/#primaryimage"},"thumbnailUrl":"https:\/\/evja.pl\/wp-content\/uploads\/2024\/02\/printing-offset-graph-paper-98f0711f04c0692a00ad462541a208f3-1024x683.jpg","datePublished":"2024-08-22T08:54:03+00:00","dateModified":"2025-03-13T13:38:32+00:00","description":"Szukasz drukarni w okolicy Tych? W Evja realizujemy projekty do formatu B1, oprawiamy ksi\u0105\u017cki, tworzymy kalendarze i plakaty. Zadzwo\u0144!","breadcrumb":{"@id":"https:\/\/evja.pl\/index.php\/tychy\/#breadcrumb"},"inLanguage":"pl-PL","potentialAction":[{"@type":"ReadAction","target":["https:\/\/evja.pl\/index.php\/tychy\/"]}]},{"@type":"ImageObject","inLanguage":"pl-PL","@id":"https:\/\/evja.pl\/index.php\/tychy\/#primaryimage","url":"https:\/\/evja.pl\/wp-content\/uploads\/2024\/02\/printing-offset-graph-paper-98f0711f04c0692a00ad462541a208f3-scaled.jpg","contentUrl":"https:\/\/evja.pl\/wp-content\/uploads\/2024\/02\/printing-offset-graph-paper-98f0711f04c0692a00ad462541a208f3-scaled.jpg","width":2560,"height":1707,"caption":"plakaty o\u015bwi\u0119cim"},{"@type":"BreadcrumbList","@id":"https:\/\/evja.pl\/index.php\/tychy\/#breadcrumb","itemListElement":[{"@type":"ListItem","position":1,"name":"Strona g\u0142\u00f3wna","item":"https:\/\/evja.pl\/"},{"@type":"ListItem","position":2,"name":"Tychy"}]},{"@type":"WebSite","@id":"https:\/\/evja.pl\/#website","url":"https:\/\/evja.pl\/","name":"EVJA","description":"","publisher":{"@id":"https:\/\/evja.pl\/#organization"},"potentialAction":[{"@type":"SearchAction","target":{"@type":"EntryPoint","urlTemplate":"https:\/\/evja.pl\/?s={search_term_string}"},"query-input":"required name=search_term_string"}],"inLanguage":"pl-PL"},{"@type":"Organization","@id":"https:\/\/evja.pl\/#organization","name":"EVJA","url":"https:\/\/evja.pl\/","logo":{"@type":"ImageObject","inLanguage":"pl-PL","@id":"https:\/\/evja.pl\/#\/schema\/logo\/image\/","url":"https:\/\/evja.pl\/wp-content\/uploads\/2022\/02\/cropped-cropped-evjalogomail-1.png","contentUrl":"https:\/\/evja.pl\/wp-content\/uploads\/2022\/02\/cropped-cropped-evjalogomail-1.png","width":81,"height":85,"caption":"EVJA"},"image":{"@id":"https:\/\/evja.pl\/#\/schema\/logo\/image\/"}}]}},"_links":{"self":[{"href":"https:\/\/evja.pl\/index.php\/wp-json\/wp\/v2\/pages\/371","targetHints":{"allow":["GET"]}}],"collection":[{"href":"https:\/\/evja.pl\/index.php\/wp-json\/wp\/v2\/pages"}],"about":[{"href":"https:\/\/evja.pl\/index.php\/wp-json\/wp\/v2\/types\/page"}],"author":[{"embeddable":true,"href":"https:\/\/evja.pl\/index.php\/wp-json\/wp\/v2\/users\/4"}],"replies":[{"embeddable":true,"href":"https:\/\/evja.pl\/index.php\/wp-json\/wp\/v2\/comments?post=371"}],"version-history":[{"count":19,"href":"https:\/\/evja.pl\/index.php\/wp-json\/wp\/v2\/pages\/371\/revisions"}],"predecessor-version":[{"id":532,"href":"https:\/\/evja.pl\/index.php\/wp-json\/wp\/v2\/pages\/371\/revisions\/532"}],"wp:attachment":[{"href":"https:\/\/evja.pl\/index.php\/wp-json\/wp\/v2\/media?parent=371"}],"curies":[{"name":"wp","href":"https:\/\/api.w.org\/{rel}","templated":true}]}}