{"id":487,"date":"2025-03-13T12:01:27","date_gmt":"2025-03-13T11:01:27","guid":{"rendered":"https:\/\/evja.pl\/?page_id=487"},"modified":"2025-03-13T12:03:19","modified_gmt":"2025-03-13T11:03:19","slug":"druk-plakatow","status":"publish","type":"page","link":"https:\/\/evja.pl\/index.php\/druk-plakatow\/","title":{"rendered":"Druk plakat\u00f3w"},"content":{"rendered":"\t\t<div data-elementor-type=\"wp-page\" data-elementor-id=\"487\" class=\"elementor elementor-487\">\n\t\t\t\t\t\t<section class=\"elementor-section elementor-top-section elementor-element elementor-element-ccc5b48 elementor-section-boxed elementor-section-height-default elementor-section-height-default\" data-id=\"ccc5b48\" data-element_type=\"section\">\n\t\t\t\t\t\t<div class=\"elementor-container elementor-column-gap-default\">\n\t\t\t\t\t<div class=\"elementor-column elementor-col-100 elementor-top-column elementor-element elementor-element-be43199\" data-id=\"be43199\" data-element_type=\"column\">\n\t\t\t<div class=\"elementor-widget-wrap elementor-element-populated\">\n\t\t\t\t\t\t<div class=\"elementor-element elementor-element-332fcc8 elementor-widget elementor-widget-text-editor\" data-id=\"332fcc8\" data-element_type=\"widget\" data-widget_type=\"text-editor.default\">\n\t\t\t\t<div class=\"elementor-widget-container\">\n\t\t\t<style>\/*! elementor - v3.23.0 - 05-08-2024 *\/\n.elementor-widget-text-editor.elementor-drop-cap-view-stacked .elementor-drop-cap{background-color:#69727d;color:#fff}.elementor-widget-text-editor.elementor-drop-cap-view-framed .elementor-drop-cap{color:#69727d;border:3px solid;background-color:transparent}.elementor-widget-text-editor:not(.elementor-drop-cap-view-default) .elementor-drop-cap{margin-top:8px}.elementor-widget-text-editor:not(.elementor-drop-cap-view-default) .elementor-drop-cap-letter{width:1em;height:1em}.elementor-widget-text-editor .elementor-drop-cap{float:left;text-align:center;line-height:1;font-size:50px}.elementor-widget-text-editor .elementor-drop-cap-letter{display:inline-block}<\/style>\t\t\t\t<h1>Wydruk plakat\u00f3w B1 dla firm<\/h1><p>Druk plakat\u00f3w w formacie B1 to us\u0142uga wymagaj\u0105ca precyzji i nowoczesnych technologii, dzi\u0119ki kt\u00f3rym mo\u017cliwe jest uzyskanie doskona\u0142ych efekt\u00f3w wizualnych. Format B1, o wymiarach 707 \u00d7 1000 mm, pozwala na wyra\u017ane przedstawienie tre\u015bci, grafiki oraz szczeg\u00f3\u0142\u00f3w, co czyni go idealnym rozwi\u0105zaniem do materia\u0142\u00f3w reklamowych, informacyjnych oraz promocyjnych. Tego typu plakaty \u015bwietnie sprawdzaj\u0105 si\u0119 na eventach, w kampaniach reklamowych, a tak\u017ce jako elementy dekoracyjne w przestrzeniach publicznych i prywatnych. Wyb\u00f3r technologii offsetowej druku plakatu B1 zale\u017cy od nak\u0142adu i oczekiwanej jako\u015bci, jednak zawsze zapewnia wysoki poziom odwzorowania kolor\u00f3w i detali, co przek\u0142ada si\u0119 na profesjonalny wizerunek.<\/p>\t\t\t\t\t\t<\/div>\n\t\t\t\t<\/div>\n\t\t\t\t\t<\/div>\n\t\t<\/div>\n\t\t\t\t\t<\/div>\n\t\t<\/section>\n\t\t\t\t<section class=\"elementor-section elementor-top-section elementor-element elementor-element-f3bcaf9 elementor-section-content-middle elementor-section-boxed elementor-section-height-default elementor-section-height-default\" data-id=\"f3bcaf9\" data-element_type=\"section\">\n\t\t\t\t\t\t<div class=\"elementor-container elementor-column-gap-default\">\n\t\t\t\t\t<div class=\"elementor-column elementor-col-50 elementor-top-column elementor-element elementor-element-dfa3136\" data-id=\"dfa3136\" data-element_type=\"column\">\n\t\t\t<div class=\"elementor-widget-wrap elementor-element-populated\">\n\t\t\t\t\t\t<div class=\"elementor-element elementor-element-09186c4 elementor-widget elementor-widget-image\" data-id=\"09186c4\" data-element_type=\"widget\" data-widget_type=\"image.default\">\n\t\t\t\t<div class=\"elementor-widget-container\">\n\t\t\t<style>\/*! elementor - v3.23.0 - 05-08-2024 *\/\n.elementor-widget-image{text-align:center}.elementor-widget-image a{display:inline-block}.elementor-widget-image a img[src$=\".svg\"]{width:48px}.elementor-widget-image img{vertical-align:middle;display:inline-block}<\/style>\t\t\t\t\t\t\t\t\t\t<img fetchpriority=\"high\" decoding=\"async\" width=\"768\" height=\"768\" src=\"https:\/\/evja.pl\/wp-content\/uploads\/2024\/02\/4dc00bcf-0646-4133-88c9-a1a22aaa6bec-768x768.jpg\" class=\"attachment-medium_large size-medium_large wp-image-193\" alt=\"kalendarze firmowe drukarnia\" srcset=\"https:\/\/evja.pl\/wp-content\/uploads\/2024\/02\/4dc00bcf-0646-4133-88c9-a1a22aaa6bec-768x768.jpg 768w, https:\/\/evja.pl\/wp-content\/uploads\/2024\/02\/4dc00bcf-0646-4133-88c9-a1a22aaa6bec-300x300.jpg 300w, https:\/\/evja.pl\/wp-content\/uploads\/2024\/02\/4dc00bcf-0646-4133-88c9-a1a22aaa6bec-150x150.jpg 150w, https:\/\/evja.pl\/wp-content\/uploads\/2024\/02\/4dc00bcf-0646-4133-88c9-a1a22aaa6bec.jpg 1024w\" sizes=\"(max-width: 768px) 100vw, 768px\" \/>\t\t\t\t\t\t\t\t\t\t\t\t\t<\/div>\n\t\t\t\t<\/div>\n\t\t\t\t\t<\/div>\n\t\t<\/div>\n\t\t\t\t<div class=\"elementor-column elementor-col-50 elementor-top-column elementor-element elementor-element-b67104c\" data-id=\"b67104c\" data-element_type=\"column\">\n\t\t\t<div class=\"elementor-widget-wrap elementor-element-populated\">\n\t\t\t\t\t\t<div class=\"elementor-element elementor-element-15080f2 elementor-widget elementor-widget-text-editor\" data-id=\"15080f2\" data-element_type=\"widget\" data-widget_type=\"text-editor.default\">\n\t\t\t\t<div class=\"elementor-widget-container\">\n\t\t\t\t\t\t\t<h2>Wiele mo\u017cliwo\u015bci druku plakatu B1<\/h2><p>Wydruk plakatu B1 mo\u017cna dostosowa\u0107 do indywidualnych potrzeb klienta poprzez szerok\u0105 gam\u0119 dost\u0119pnych opcji wyko\u0144czenia. Nasza drukarnia oferuje r\u00f3\u017cnorodne rodzaje papieru &#8211; od matowego, przez satynowy, a\u017c po b\u0142yszcz\u0105cy &#8211; co pozwala na dopasowanie plakatu do konkretnej wizji estetycznej. Dodatkowe techniki, takie jak lakierowanie UV, laminowanie czy foliowanie, podnosz\u0105 trwa\u0142o\u015b\u0107 wydruku, chroni\u0105c go przed uszkodzeniami mechanicznymi i wp\u0142ywem czynnik\u00f3w zewn\u0119trznych, takich jak wilgo\u0107 czy promieniowanie s\u0142oneczne. Dzi\u0119ki temu plakaty staj\u0105 si\u0119 bardziej wyraziste, a ich \u017cywotno\u015b\u0107 wyd\u0142u\u017ca si\u0119, co jest istotne w przypadku d\u0142ugotrwa\u0142ych kampanii reklamowych lub ekspozycji w miejscach publicznych.<\/p>\t\t\t\t\t\t<\/div>\n\t\t\t\t<\/div>\n\t\t\t\t\t<\/div>\n\t\t<\/div>\n\t\t\t\t\t<\/div>\n\t\t<\/section>\n\t\t\t\t<section class=\"elementor-section elementor-top-section elementor-element elementor-element-80a1960 elementor-section-boxed elementor-section-height-default elementor-section-height-default\" data-id=\"80a1960\" data-element_type=\"section\">\n\t\t\t\t\t\t<div class=\"elementor-container elementor-column-gap-default\">\n\t\t\t\t\t<div class=\"elementor-column elementor-col-100 elementor-top-column elementor-element elementor-element-546c21e\" data-id=\"546c21e\" data-element_type=\"column\">\n\t\t\t<div class=\"elementor-widget-wrap elementor-element-populated\">\n\t\t\t\t\t\t<div class=\"elementor-element elementor-element-1ca71f9 elementor-widget elementor-widget-text-editor\" data-id=\"1ca71f9\" data-element_type=\"widget\" data-widget_type=\"text-editor.default\">\n\t\t\t\t<div class=\"elementor-widget-container\">\n\t\t\t\t\t\t\t<h2>Plakat B1 &#8211; druk najwy\u017cszej jako\u015bci<\/h2><p>Oferowany przez drukarnie EVJA druk plakat\u00f3w B1 charakteryzuje si\u0119 nie tylko wysok\u0105 jako\u015bci\u0105, ale tak\u017ce szybko\u015bci\u0105 realizacji, nawet w przypadku du\u017cych nak\u0142ad\u00f3w. Zaawansowane maszyny drukarskie oraz wykwalifikowany personel gwarantuj\u0105, \u017ce ka\u017cdy projekt zostanie zrealizowany z najwy\u017csz\u0105 staranno\u015bci\u0105, a plakaty b\u0119d\u0105 spe\u0142nia\u0142y wszelkie standardy jako\u015bci. To idealne rozwi\u0105zanie dla firm, kt\u00f3re potrzebuj\u0105 materia\u0142\u00f3w reklamowych przyci\u0105gaj\u0105cych uwag\u0119, wyr\u00f3\u017cniaj\u0105cych si\u0119 na tle konkurencji i dostosowanych do specyficznych wymaga\u0144 projektowych. Wydruk plakatu B1 pozwala firmom na skuteczne dotarcie do szerokiego grona odbiorc\u00f3w, prezentuj\u0105c tre\u015bci w spos\u00f3b wyrazisty i profesjonalny.<\/p>\t\t\t\t\t\t<\/div>\n\t\t\t\t<\/div>\n\t\t\t\t\t<\/div>\n\t\t<\/div>\n\t\t\t\t\t<\/div>\n\t\t<\/section>\n\t\t\t\t<\/div>\n\t\t","protected":false},"excerpt":{"rendered":"<p>Wydruk plakat\u00f3w B1 dla firm Druk plakat\u00f3w w formacie B1 to us\u0142uga wymagaj\u0105ca precyzji i nowoczesnych technologii, dzi\u0119ki kt\u00f3rym mo\u017cliwe [&hellip;]<\/p>\n","protected":false},"author":4,"featured_media":0,"parent":0,"menu_order":0,"comment_status":"closed","ping_status":"closed","template":"","meta":{"site-sidebar-layout":"no-sidebar","site-content-layout":"","ast-site-content-layout":"full-width-container","site-content-style":"default","site-sidebar-style":"default","ast-global-header-display":"","ast-banner-title-visibility":"","ast-main-header-display":"","ast-hfb-above-header-display":"","ast-hfb-below-header-display":"","ast-hfb-mobile-header-display":"","site-post-title":"disabled","ast-breadcrumbs-content":"","ast-featured-img":"disabled","footer-sml-layout":"","theme-transparent-header-meta":"","adv-header-id-meta":"","stick-header-meta":"","header-above-stick-meta":"","header-main-stick-meta":"","header-below-stick-meta":"","astra-migrate-meta-layouts":"default","ast-page-background-enabled":"default","ast-page-background-meta":{"desktop":{"background-color":"var(--ast-global-color-4)","background-image":"","background-repeat":"repeat","background-position":"center center","background-size":"auto","background-attachment":"scroll","background-type":"","background-media":"","overlay-type":"","overlay-color":"","overlay-opacity":"","overlay-gradient":""},"tablet":{"background-color":"","background-image":"","background-repeat":"repeat","background-position":"center center","background-size":"auto","background-attachment":"scroll","background-type":"","background-media":"","overlay-type":"","overlay-color":"","overlay-opacity":"","overlay-gradient":""},"mobile":{"background-color":"","background-image":"","background-repeat":"repeat","background-position":"center center","background-size":"auto","background-attachment":"scroll","background-type":"","background-media":"","overlay-type":"","overlay-color":"","overlay-opacity":"","overlay-gradient":""}},"ast-content-background-meta":{"desktop":{"background-color":"var(--ast-global-color-5)","background-image":"","background-repeat":"repeat","background-position":"center center","background-size":"auto","background-attachment":"scroll","background-type":"","background-media":"","overlay-type":"","overlay-color":"","overlay-opacity":"","overlay-gradient":""},"tablet":{"background-color":"var(--ast-global-color-5)","background-image":"","background-repeat":"repeat","background-position":"center center","background-size":"auto","background-attachment":"scroll","background-type":"","background-media":"","overlay-type":"","overlay-color":"","overlay-opacity":"","overlay-gradient":""},"mobile":{"background-color":"var(--ast-global-color-5)","background-image":"","background-repeat":"repeat","background-position":"center center","background-size":"auto","background-attachment":"scroll","background-type":"","background-media":"","overlay-type":"","overlay-color":"","overlay-opacity":"","overlay-gradient":""}},"footnotes":""},"class_list":["post-487","page","type-page","status-publish","hentry"],"yoast_head":"<!-- This site is optimized with the Yoast SEO plugin v23.2 - https:\/\/yoast.com\/wordpress\/plugins\/seo\/ -->\n<title>Plakat B1 druk | evja.pl<\/title>\n<meta name=\"description\" content=\"Plakaty w formacie B1 to doskona\u0142e rozwi\u0105zanie w wielu sytuacjach promocji czy event\u00f3w. Zapewniamy najwy\u017cszej jako\u015bci, precyzyjny druk plakatu B1.\" \/>\n<meta name=\"robots\" content=\"index, follow, max-snippet:-1, max-image-preview:large, max-video-preview:-1\" \/>\n<link rel=\"canonical\" href=\"https:\/\/evja.pl\/index.php\/druk-plakatow\/\" \/>\n<meta property=\"og:locale\" content=\"pl_PL\" \/>\n<meta property=\"og:type\" content=\"article\" \/>\n<meta property=\"og:title\" content=\"Plakat B1 druk | evja.pl\" \/>\n<meta property=\"og:description\" content=\"Plakaty w formacie B1 to doskona\u0142e rozwi\u0105zanie w wielu sytuacjach promocji czy event\u00f3w. Zapewniamy najwy\u017cszej jako\u015bci, precyzyjny druk plakatu B1.\" \/>\n<meta property=\"og:url\" content=\"https:\/\/evja.pl\/index.php\/druk-plakatow\/\" \/>\n<meta property=\"og:site_name\" content=\"EVJA\" \/>\n<meta property=\"article:modified_time\" content=\"2025-03-13T11:03:19+00:00\" \/>\n<meta property=\"og:image\" content=\"https:\/\/evja.pl\/wp-content\/uploads\/2024\/02\/4dc00bcf-0646-4133-88c9-a1a22aaa6bec-768x768.jpg\" \/>\n<meta name=\"twitter:card\" content=\"summary_large_image\" \/>\n<meta name=\"twitter:label1\" content=\"Szacowany czas czytania\" \/>\n\t<meta name=\"twitter:data1\" content=\"2 minuty\" \/>\n<script type=\"application\/ld+json\" class=\"yoast-schema-graph\">{\"@context\":\"https:\/\/schema.org\",\"@graph\":[{\"@type\":\"WebPage\",\"@id\":\"https:\/\/evja.pl\/index.php\/druk-plakatow\/\",\"url\":\"https:\/\/evja.pl\/index.php\/druk-plakatow\/\",\"name\":\"Plakat B1 druk | evja.pl\",\"isPartOf\":{\"@id\":\"https:\/\/evja.pl\/#website\"},\"primaryImageOfPage\":{\"@id\":\"https:\/\/evja.pl\/index.php\/druk-plakatow\/#primaryimage\"},\"image\":{\"@id\":\"https:\/\/evja.pl\/index.php\/druk-plakatow\/#primaryimage\"},\"thumbnailUrl\":\"https:\/\/evja.pl\/wp-content\/uploads\/2024\/02\/4dc00bcf-0646-4133-88c9-a1a22aaa6bec-768x768.jpg\",\"datePublished\":\"2025-03-13T11:01:27+00:00\",\"dateModified\":\"2025-03-13T11:03:19+00:00\",\"description\":\"Plakaty w formacie B1 to doskona\u0142e rozwi\u0105zanie w wielu sytuacjach promocji czy event\u00f3w. Zapewniamy najwy\u017cszej jako\u015bci, precyzyjny druk plakatu B1.\",\"breadcrumb\":{\"@id\":\"https:\/\/evja.pl\/index.php\/druk-plakatow\/#breadcrumb\"},\"inLanguage\":\"pl-PL\",\"potentialAction\":[{\"@type\":\"ReadAction\",\"target\":[\"https:\/\/evja.pl\/index.php\/druk-plakatow\/\"]}]},{\"@type\":\"ImageObject\",\"inLanguage\":\"pl-PL\",\"@id\":\"https:\/\/evja.pl\/index.php\/druk-plakatow\/#primaryimage\",\"url\":\"https:\/\/evja.pl\/wp-content\/uploads\/2024\/02\/4dc00bcf-0646-4133-88c9-a1a22aaa6bec.jpg\",\"contentUrl\":\"https:\/\/evja.pl\/wp-content\/uploads\/2024\/02\/4dc00bcf-0646-4133-88c9-a1a22aaa6bec.jpg\",\"width\":1024,\"height\":1024,\"caption\":\"kalendarze firmowe drukarnia\"},{\"@type\":\"BreadcrumbList\",\"@id\":\"https:\/\/evja.pl\/index.php\/druk-plakatow\/#breadcrumb\",\"itemListElement\":[{\"@type\":\"ListItem\",\"position\":1,\"name\":\"Strona g\u0142\u00f3wna\",\"item\":\"https:\/\/evja.pl\/\"},{\"@type\":\"ListItem\",\"position\":2,\"name\":\"Druk plakat\u00f3w\"}]},{\"@type\":\"WebSite\",\"@id\":\"https:\/\/evja.pl\/#website\",\"url\":\"https:\/\/evja.pl\/\",\"name\":\"EVJA\",\"description\":\"\",\"publisher\":{\"@id\":\"https:\/\/evja.pl\/#organization\"},\"potentialAction\":[{\"@type\":\"SearchAction\",\"target\":{\"@type\":\"EntryPoint\",\"urlTemplate\":\"https:\/\/evja.pl\/?s={search_term_string}\"},\"query-input\":\"required name=search_term_string\"}],\"inLanguage\":\"pl-PL\"},{\"@type\":\"Organization\",\"@id\":\"https:\/\/evja.pl\/#organization\",\"name\":\"EVJA\",\"url\":\"https:\/\/evja.pl\/\",\"logo\":{\"@type\":\"ImageObject\",\"inLanguage\":\"pl-PL\",\"@id\":\"https:\/\/evja.pl\/#\/schema\/logo\/image\/\",\"url\":\"https:\/\/evja.pl\/wp-content\/uploads\/2022\/02\/cropped-cropped-evjalogomail-1.png\",\"contentUrl\":\"https:\/\/evja.pl\/wp-content\/uploads\/2022\/02\/cropped-cropped-evjalogomail-1.png\",\"width\":81,\"height\":85,\"caption\":\"EVJA\"},\"image\":{\"@id\":\"https:\/\/evja.pl\/#\/schema\/logo\/image\/\"}}]}<\/script>\n<!-- \/ Yoast SEO plugin. -->","yoast_head_json":{"title":"Plakat B1 druk | evja.pl","description":"Plakaty w formacie B1 to doskona\u0142e rozwi\u0105zanie w wielu sytuacjach promocji czy event\u00f3w. Zapewniamy najwy\u017cszej jako\u015bci, precyzyjny druk plakatu B1.","robots":{"index":"index","follow":"follow","max-snippet":"max-snippet:-1","max-image-preview":"max-image-preview:large","max-video-preview":"max-video-preview:-1"},"canonical":"https:\/\/evja.pl\/index.php\/druk-plakatow\/","og_locale":"pl_PL","og_type":"article","og_title":"Plakat B1 druk | evja.pl","og_description":"Plakaty w formacie B1 to doskona\u0142e rozwi\u0105zanie w wielu sytuacjach promocji czy event\u00f3w. Zapewniamy najwy\u017cszej jako\u015bci, precyzyjny druk plakatu B1.","og_url":"https:\/\/evja.pl\/index.php\/druk-plakatow\/","og_site_name":"EVJA","article_modified_time":"2025-03-13T11:03:19+00:00","og_image":[{"url":"https:\/\/evja.pl\/wp-content\/uploads\/2024\/02\/4dc00bcf-0646-4133-88c9-a1a22aaa6bec-768x768.jpg"}],"twitter_card":"summary_large_image","twitter_misc":{"Szacowany czas czytania":"2 minuty"},"schema":{"@context":"https:\/\/schema.org","@graph":[{"@type":"WebPage","@id":"https:\/\/evja.pl\/index.php\/druk-plakatow\/","url":"https:\/\/evja.pl\/index.php\/druk-plakatow\/","name":"Plakat B1 druk | evja.pl","isPartOf":{"@id":"https:\/\/evja.pl\/#website"},"primaryImageOfPage":{"@id":"https:\/\/evja.pl\/index.php\/druk-plakatow\/#primaryimage"},"image":{"@id":"https:\/\/evja.pl\/index.php\/druk-plakatow\/#primaryimage"},"thumbnailUrl":"https:\/\/evja.pl\/wp-content\/uploads\/2024\/02\/4dc00bcf-0646-4133-88c9-a1a22aaa6bec-768x768.jpg","datePublished":"2025-03-13T11:01:27+00:00","dateModified":"2025-03-13T11:03:19+00:00","description":"Plakaty w formacie B1 to doskona\u0142e rozwi\u0105zanie w wielu sytuacjach promocji czy event\u00f3w. Zapewniamy najwy\u017cszej jako\u015bci, precyzyjny druk plakatu B1.","breadcrumb":{"@id":"https:\/\/evja.pl\/index.php\/druk-plakatow\/#breadcrumb"},"inLanguage":"pl-PL","potentialAction":[{"@type":"ReadAction","target":["https:\/\/evja.pl\/index.php\/druk-plakatow\/"]}]},{"@type":"ImageObject","inLanguage":"pl-PL","@id":"https:\/\/evja.pl\/index.php\/druk-plakatow\/#primaryimage","url":"https:\/\/evja.pl\/wp-content\/uploads\/2024\/02\/4dc00bcf-0646-4133-88c9-a1a22aaa6bec.jpg","contentUrl":"https:\/\/evja.pl\/wp-content\/uploads\/2024\/02\/4dc00bcf-0646-4133-88c9-a1a22aaa6bec.jpg","width":1024,"height":1024,"caption":"kalendarze firmowe drukarnia"},{"@type":"BreadcrumbList","@id":"https:\/\/evja.pl\/index.php\/druk-plakatow\/#breadcrumb","itemListElement":[{"@type":"ListItem","position":1,"name":"Strona g\u0142\u00f3wna","item":"https:\/\/evja.pl\/"},{"@type":"ListItem","position":2,"name":"Druk plakat\u00f3w"}]},{"@type":"WebSite","@id":"https:\/\/evja.pl\/#website","url":"https:\/\/evja.pl\/","name":"EVJA","description":"","publisher":{"@id":"https:\/\/evja.pl\/#organization"},"potentialAction":[{"@type":"SearchAction","target":{"@type":"EntryPoint","urlTemplate":"https:\/\/evja.pl\/?s={search_term_string}"},"query-input":"required name=search_term_string"}],"inLanguage":"pl-PL"},{"@type":"Organization","@id":"https:\/\/evja.pl\/#organization","name":"EVJA","url":"https:\/\/evja.pl\/","logo":{"@type":"ImageObject","inLanguage":"pl-PL","@id":"https:\/\/evja.pl\/#\/schema\/logo\/image\/","url":"https:\/\/evja.pl\/wp-content\/uploads\/2022\/02\/cropped-cropped-evjalogomail-1.png","contentUrl":"https:\/\/evja.pl\/wp-content\/uploads\/2022\/02\/cropped-cropped-evjalogomail-1.png","width":81,"height":85,"caption":"EVJA"},"image":{"@id":"https:\/\/evja.pl\/#\/schema\/logo\/image\/"}}]}},"_links":{"self":[{"href":"https:\/\/evja.pl\/index.php\/wp-json\/wp\/v2\/pages\/487","targetHints":{"allow":["GET"]}}],"collection":[{"href":"https:\/\/evja.pl\/index.php\/wp-json\/wp\/v2\/pages"}],"about":[{"href":"https:\/\/evja.pl\/index.php\/wp-json\/wp\/v2\/types\/page"}],"author":[{"embeddable":true,"href":"https:\/\/evja.pl\/index.php\/wp-json\/wp\/v2\/users\/4"}],"replies":[{"embeddable":true,"href":"https:\/\/evja.pl\/index.php\/wp-json\/wp\/v2\/comments?post=487"}],"version-history":[{"count":4,"href":"https:\/\/evja.pl\/index.php\/wp-json\/wp\/v2\/pages\/487\/revisions"}],"predecessor-version":[{"id":491,"href":"https:\/\/evja.pl\/index.php\/wp-json\/wp\/v2\/pages\/487\/revisions\/491"}],"wp:attachment":[{"href":"https:\/\/evja.pl\/index.php\/wp-json\/wp\/v2\/media?parent=487"}],"curies":[{"name":"wp","href":"https:\/\/api.w.org\/{rel}","templated":true}]}}